{"id":3,"date":"2026-02-08T07:52:19","date_gmt":"2026-02-08T07:52:19","guid":{"rendered":"https:\/\/monteolimpo.mx\/wordpress_6\/?page_id=3"},"modified":"2026-05-13T16:57:37","modified_gmt":"2026-05-13T16:57:37","slug":"privacy-policy","status":"publish","type":"page","link":"https:\/\/monteolimpo.mx\/wordpress_6\/privacy-policy\/","title":{"rendered":"Aviso de privacidad"},"content":{"rendered":"\t\t<div data-elementor-type=\"wp-page\" data-elementor-id=\"3\" class=\"elementor elementor-3\" data-elementor-post-type=\"page\">\n\t\t\t\t<div class=\"wd-negative-gap elementor-element elementor-element-ec179bf e-flex e-con-boxed e-con e-parent\" data-id=\"ec179bf\" data-element_type=\"container\" data-e-type=\"container\">\n\t\t\t\t\t<div class=\"e-con-inner\">\n\t\t\t\t<div class=\"elementor-element elementor-element-9410cc9 color-scheme-inherit text-left elementor-widget elementor-widget-text-editor\" data-id=\"9410cc9\" data-element_type=\"widget\" data-e-type=\"widget\" data-widget_type=\"text-editor.default\">\n\t\t\t\t\t\t\t\t\t<p align=\"center\"><span style=\"font-family: Arial Narrow, serif;\"><span style=\"font-size: medium;\"><b>AVISO DE PRIVACIDAD<\/b><\/span><\/span><\/p>\n<p align=\"justify\"><a name=\"_GoBack\"><\/a> <span style=\"font-family: Arial Narrow, serif;\"><span style=\"font-size: medium;\">Con fundamento en los art\u00edculos <\/span><\/span><span style=\"font-family: Arial Narrow, serif;\"><span style=\"font-size: medium;\"><b>1, 6, 8, 12, 13, 15, 16 y 19 de la Ley Federal de Protecci\u00f3n de Datos Personales en Posesi\u00f3n de los Particulares<\/b><\/span><\/span><span style=\"font-family: Arial Narrow, serif;\"><span style=\"font-size: medium;\">, se emite el presente <\/span><\/span><span style=\"font-family: Arial Narrow, serif;\"><span style=\"font-size: medium;\"><b>Aviso de Privacidad<\/b><\/span><\/span><span style=\"font-family: Arial Narrow, serif;\"><span style=\"font-size: medium;\">, mediante el cual <\/span><\/span><span style=\"font-family: Arial Narrow, serif;\"><span style=\"font-size: medium;\"><b>SAL\u00d3N MONTE OLIMPO<\/b><\/span><\/span><span style=\"font-family: Arial Narrow, serif;\"><span style=\"font-size: medium;\"> informa a sus clientes, proveedores, trabajadores y\/o visitantes el tratamiento que dar\u00e1 a los datos personales que recabe, conforme a las siguientes disposiciones:<\/span><\/span><\/p>\n<p align=\"justify\"><span style=\"font-family: Arial Narrow, serif;\"><span style=\"font-size: medium;\"><b>1. Identidad y domicilio del responsable<\/b><\/span><\/span><\/p>\n<p align=\"justify\"><span style=\"font-family: Arial Narrow, serif;\"><span style=\"font-size: medium;\"><b>SAL\u00d3N MONTE OLIMPO<\/b><\/span><\/span><span style=\"font-family: Arial Narrow, serif;\"><span style=\"font-size: medium;\">, con domicilio en <\/span><\/span><span style=\"font-family: Arial Narrow, serif;\"><span style=\"font-size: medium;\"><b>Av. Rosas Guadalupanas s\/n, Hacienda Nueva, Aguascalientes, Aguascalientes<\/b><\/span><\/span><span style=\"font-family: Arial Narrow, serif;\"><span style=\"font-size: medium;\">, ser\u00e1 el responsable del uso, tratamiento, resguardo y protecci\u00f3n de los datos personales que sean recabados con motivo de la prestaci\u00f3n de sus servicios, operaci\u00f3n administrativa y seguridad de sus instalaciones.<\/span><\/span><\/p>\n<p align=\"justify\"><span style=\"font-family: Arial Narrow, serif;\"><span style=\"font-size: medium;\"><b>2. Datos personales sometidos a tratamiento<\/b><\/span><\/span><\/p>\n<p align=\"justify\"><span style=\"font-family: Arial Narrow, serif;\"><span style=\"font-size: medium;\">Para la prestaci\u00f3n de sus servicios, <\/span><\/span><span style=\"font-family: Arial Narrow, serif;\"><span style=\"font-size: medium;\"><b>SAL\u00d3N MONTE OLIMPO<\/b><\/span><\/span><span style=\"font-family: Arial Narrow, serif;\"><span style=\"font-size: medium;\"> podr\u00e1 recabar datos personales tales como: <\/span><\/span><span style=\"font-family: Arial Narrow, serif;\"><span style=\"font-size: medium;\"><b>Nombre, firma, tel\u00e9fono, domicilio, identificaci\u00f3n, datos de contacto y dem\u00e1s informaci\u00f3n necesaria para la celebraci\u00f3n, administraci\u00f3n y cumplimiento de contratos, \u00f3rdenes de servicio, recibos, controles internos y dem\u00e1s documentaci\u00f3n administrativa de la empresa<\/b><\/span><\/span><span style=\"font-family: Arial Narrow, serif;\"><span style=\"font-size: medium;\">.<\/span><\/span><\/p>\n<p align=\"justify\"><span style=\"font-family: Arial Narrow, serif;\"><span style=\"font-size: medium;\">Asimismo, el establecimiento cuenta con sistema de <\/span><\/span><span style=\"font-family: Arial Narrow, serif;\"><span style=\"font-size: medium;\"><b>videovigilancia y grabaci\u00f3n las 24 horas del d\u00eda<\/b><\/span><\/span><span style=\"font-family: Arial Narrow, serif;\"><span style=\"font-size: medium;\">, por lo que podr\u00e1n ser tratados datos consistentes en <\/span><\/span><span style=\"font-family: Arial Narrow, serif;\"><span style=\"font-size: medium;\"><b>imagen, voz, rasgos f\u00edsicos, caracter\u00edsticas identificables y dem\u00e1s informaci\u00f3n captada mediante c\u00e1maras de seguridad<\/b><\/span><\/span><span style=\"font-family: Arial Narrow, serif;\"><span style=\"font-size: medium;\">, \u00fanicamente cuando permitan identificar o hacer identificable a una persona.<\/span><\/span><\/p>\n<p align=\"justify\"><span style=\"font-family: Arial Narrow, serif;\"><span style=\"font-size: medium;\">Para efectos del presente aviso, SAL\u00d3N MONTE OLIMPO no recaba de manera intencional datos personales sensibles como parte ordinaria de sus operaciones. No obstante, en casos excepcionales, dichos datos podr\u00edan llegar a captarse incidentalmente mediante el sistema de video vigilancia o derivado de la naturaleza de determinados eventos, en cuyo caso ser\u00e1n tratados \u00fanicamente para fines de seguridad, protecci\u00f3n, atenci\u00f3n de incidentes y cumplimiento de obligaciones legales, bajo medidas razonables de confidencialidad y protecci\u00f3n conforme a la legislaci\u00f3n aplicable.<\/span><\/span><\/p>\n<p align=\"justify\"><span style=\"font-family: Arial Narrow, serif;\"><span style=\"font-size: medium;\"><b>3. Finalidades del tratamiento de datos personales<\/b><\/span><\/span><\/p>\n<p align=\"justify\"><span style=\"font-family: Arial Narrow, serif;\"><span style=\"font-size: medium;\">Los datos personales recabados ser\u00e1n utilizados \u00fanicamente para las siguientes finalidades:<\/span><\/span><\/p>\n<p align=\"justify\"><span style=\"font-family: Arial Narrow, serif;\"><span style=\"font-size: medium;\">a) <\/span><\/span><span style=\"font-family: Arial Narrow, serif;\"><span style=\"font-size: medium;\"><b>Contrataci\u00f3n e identificaci\u00f3n de las partes<\/b><\/span><\/span><span style=\"font-family: Arial Narrow, serif;\"><span style=\"font-size: medium;\"> que celebran actos, contratos, \u00f3rdenes de servicio o documentos relacionados con el uso del sal\u00f3n de eventos.<\/span><\/span><\/p>\n<p align=\"justify\"><span style=\"font-family: Arial Narrow, serif;\"><span style=\"font-size: medium;\">b) <\/span><\/span><span style=\"font-family: Arial Narrow, serif;\"><span style=\"font-size: medium;\"><b>Integraci\u00f3n de expedientes administrativos<\/b><\/span><\/span><span style=\"font-family: Arial Narrow, serif;\"><span style=\"font-size: medium;\">, recibos, controles internos, comprobantes, registros de clientes, proveedores, trabajadores y\/o visitantes.<\/span><\/span><\/p>\n<p align=\"justify\"><span style=\"font-family: Arial Narrow, serif;\"><span style=\"font-size: medium;\">c) <\/span><\/span><span style=\"font-family: Arial Narrow, serif;\"><span style=\"font-size: medium;\"><b>Seguimiento de servicios contratados<\/b><\/span><\/span><span style=\"font-family: Arial Narrow, serif;\"><span style=\"font-size: medium;\">, comprobaci\u00f3n de pagos, cumplimiento de obligaciones legales, fiscales, comerciales y administrativas.<\/span><\/span><\/p>\n<p align=\"justify\"><span style=\"font-family: Arial Narrow, serif;\"><span style=\"font-size: medium;\">d) <\/span><\/span><span style=\"font-family: Arial Narrow, serif;\"><span style=\"font-size: medium;\"><b>Adecuada operaci\u00f3n interna del establecimiento<\/b><\/span><\/span><span style=\"font-family: Arial Narrow, serif;\"><span style=\"font-size: medium;\">, incluyendo control documental, organizaci\u00f3n de eventos, atenci\u00f3n a clientes y administraci\u00f3n general.<\/span><\/span><\/p>\n<p align=\"justify\"><span style=\"font-family: Arial Narrow, serif;\"><span style=\"font-size: medium;\">e) <\/span><\/span><span style=\"font-family: Arial Narrow, serif;\"><span style=\"font-size: medium;\"><b>Seguridad, vigilancia y control de acceso<\/b><\/span><\/span><span style=\"font-family: Arial Narrow, serif;\"><span style=\"font-size: medium;\"> dentro y alrededor de las instalaciones.<\/span><\/span><\/p>\n<p align=\"justify\"><span style=\"font-family: Arial Narrow, serif;\"><span style=\"font-size: medium;\">f) <\/span><\/span><span style=\"font-family: Arial Narrow, serif;\"><span style=\"font-size: medium;\"><b>Prevenci\u00f3n de incidentes, da\u00f1os, conductas il\u00edcitas o indebidas<\/b><\/span><\/span><span style=\"font-family: Arial Narrow, serif;\"><span style=\"font-size: medium;\">, as\u00ed como protecci\u00f3n de personas, bienes, veh\u00edculos, mobiliario, equipo e instalaciones.<\/span><\/span><\/p>\n<p align=\"justify\"><span style=\"font-family: Arial Narrow, serif;\"><span style=\"font-size: medium;\">g) <\/span><\/span><span style=\"font-family: Arial Narrow, serif;\"><span style=\"font-size: medium;\"><b>Atenci\u00f3n de emergencias, aclaraci\u00f3n de incidentes y entrega de informaci\u00f3n a autoridades competentes<\/b><\/span><\/span><span style=\"font-family: Arial Narrow, serif;\"><span style=\"font-size: medium;\">, cuando exista requerimiento legal, orden de autoridad o hechos que deban ser investigados.<\/span><\/span><\/p>\n<p align=\"justify\"><span style=\"font-family: Arial Narrow, serif;\"><span style=\"font-size: medium;\">Las finalidades anteriores se consideran necesarias para la prestaci\u00f3n del servicio, la relaci\u00f3n contractual, la operaci\u00f3n administrativa y la seguridad del establecimiento. En caso de que se pretendiera utilizar la informaci\u00f3n para finalidades distintas, no compatibles o no necesarias, se solicitar\u00e1 el consentimiento correspondiente de la persona titular.<\/span><\/span><\/p>\n<p align=\"justify\"><span style=\"font-family: Arial Narrow, serif;\"><span style=\"font-size: medium;\"><b>4. Opciones y medios para limitar el uso o divulgaci\u00f3n de los datos personales<\/b><\/span><\/span><\/p>\n<p align=\"justify\"><span style=\"font-family: Arial Narrow, serif;\"><span style=\"font-size: medium;\">La informaci\u00f3n personal, documentos, contratos y grabaciones ser\u00e1n de acceso restringido \u00fanicamente al personal autorizado por <\/span><\/span><span style=\"font-family: Arial Narrow, serif;\"><span style=\"font-size: medium;\"><b>SAL\u00d3N MONTE OLIMPO<\/b><\/span><\/span><span style=\"font-family: Arial Narrow, serif;\"><span style=\"font-size: medium;\">.<\/span><\/span><\/p>\n<p align=\"justify\"><span style=\"font-family: Arial Narrow, serif;\"><span style=\"font-size: medium;\">Los datos personales no ser\u00e1n difundidos, publicados, vendidos, cedidos ni utilizados para fines distintos a los se\u00f1alados en el presente aviso, salvo mandato de autoridad competente, cumplimiento de obligaciones legales o cuando sea necesario para la defensa de derechos del establecimiento, sus clientes, trabajadores, proveedores, visitantes y\/o invitados.<\/span><\/span><\/p>\n<p align=\"justify\"><span style=\"font-family: Arial Narrow, serif;\"><span style=\"font-size: medium;\">La persona titular podr\u00e1 ejercer sus derechos de <\/span><\/span><span style=\"font-family: Arial Narrow, serif;\"><span style=\"font-size: medium;\"><b>acceso<\/b><\/span><\/span><span style=\"font-family: Arial Narrow, serif;\"><span style=\"font-size: medium;\"> en lo que resulte aplicable, as\u00ed como solicitar informaci\u00f3n sobre el tratamiento de sus datos personales mediante correo electr\u00f3nico dirigido a: <\/span><\/span><span style=\"color: #467886;\"><u><a href=\"mailto:contacto@monteolimpo.mx\"><span style=\"font-family: Arial Narrow, serif;\"><span style=\"font-size: medium;\"><b>contacto@monteolimpo.mx<\/b><\/span><\/span><\/a><\/u><\/span><span style=\"font-family: Arial Narrow, serif;\"><span style=\"font-size: medium;\">, o al tel\u00e9fono <\/span><\/span><span style=\"font-family: Arial Narrow, serif;\"><span style=\"font-size: medium;\"><b>(449) 271-97-89<\/b><\/span><\/span><span style=\"font-family: Arial Narrow, serif;\"><span style=\"font-size: medium;\">, indicando su nombre completo, medio de contacto y la solicitud concreta que desea realizar.<\/span><\/span><\/p>\n<p align=\"justify\"><span style=\"font-family: Arial Narrow, serif;\"><span style=\"font-size: medium;\">Respecto al sistema de videovigilancia, al tratarse de una medida de seguridad permanente dentro del establecimiento, quien no est\u00e9 de acuerdo con dicho tratamiento podr\u00e1 abstenerse de ingresar o permanecer en las instalaciones.<\/span><\/span><\/p>\n<p align=\"justify\"><span style=\"font-family: Arial Narrow, serif;\"><span style=\"font-size: medium;\">Las grabaciones obtenidas mediante el sistema de videovigilancia ser\u00e1n conservadas \u00fanicamente por el tiempo razonablemente necesario para cumplir con las finalidades de seguridad, prevenci\u00f3n de incidentes, atenci\u00f3n de aclaraciones o requerimientos de autoridad competente, y posteriormente podr\u00e1n ser eliminadas conforme a los procedimientos internos del establecimiento.<\/span><\/span><\/p>\n<p align=\"justify\"><span style=\"font-family: Arial Narrow, serif;\"><span style=\"font-size: medium;\"><b>5. Derechos ARCO<\/b><\/span><\/span><\/p>\n<p align=\"justify\"><span style=\"font-family: Arial Narrow, serif;\"><span style=\"font-size: medium;\">La persona titular podr\u00e1 ejercer, en lo que resulte legalmente aplicable, sus derechos de <\/span><\/span><span style=\"font-family: Arial Narrow, serif;\"><span style=\"font-size: medium;\"><b>Acceso, Rectificaci\u00f3n, Cancelaci\u00f3n u Oposici\u00f3n<\/b><\/span><\/span><span style=\"font-family: Arial Narrow, serif;\"><span style=\"font-size: medium;\"> respecto de sus datos personales.<\/span><\/span><\/p>\n<p align=\"justify\"><span style=\"font-family: Arial Narrow, serif;\"><span style=\"font-size: medium;\">Para ejercer dichos derechos, deber\u00e1 presentar solicitud a trav\u00e9s del correo electr\u00f3nico <\/span><\/span><span style=\"color: #467886;\"><u><a href=\"mailto:contacto@monteolimpo.mx\"><span style=\"font-family: Arial Narrow, serif;\"><span style=\"font-size: medium;\"><b>contacto@monteolimpo.mx<\/b><\/span><\/span><\/a><\/u><\/span><span style=\"font-family: Arial Narrow, serif;\"><span style=\"font-size: medium;\"> o comunicarse al tel\u00e9fono <\/span><\/span><span style=\"font-family: Arial Narrow, serif;\"><span style=\"font-size: medium;\"><b>(449) 271-97-89<\/b><\/span><\/span><span style=\"font-family: Arial Narrow, serif;\"><span style=\"font-size: medium;\">, se\u00f1alando:<\/span><\/span><\/p>\n<ol type=\"a\">\n<li>\n<p align=\"justify\"><span style=\"font-family: Arial Narrow, serif;\"><span style=\"font-size: medium;\">Nombre completo de la persona titular.<\/span><\/span><\/p>\n<\/li>\n<li>\n<p align=\"justify\"><span style=\"font-family: Arial Narrow, serif;\"><span style=\"font-size: medium;\">Medio para recibir respuesta<\/span><\/span><\/p>\n<\/li>\n<li>\n<p align=\"justify\"><span style=\"font-family: Arial Narrow, serif;\"><span style=\"font-size: medium;\">Derecho que desea ejercer: acceso, rectificaci\u00f3n, cancelaci\u00f3n u oposici\u00f3n.<\/span><\/span><\/p>\n<\/li>\n<li>\n<p align=\"justify\"><span style=\"font-family: Arial Narrow, serif;\"><span style=\"font-size: medium;\">Descripci\u00f3n clara de los datos personales respecto de los cuales se solicita el ejercicio del derecho.<\/span><\/span><\/p>\n<\/li>\n<li>\n<p align=\"justify\"><span style=\"font-family: Arial Narrow, serif;\"><span style=\"font-size: medium;\">En su caso, documentos que acrediten la identidad de la persona titular o la representaci\u00f3n legal correspondiente.<\/span><\/span><\/p>\n<\/li>\n<\/ol>\n<p align=\"justify\"><span style=\"font-family: Arial Narrow, serif;\"><span style=\"font-size: medium;\">La solicitud ser\u00e1 atendida conforme a los plazos y procedimientos previstos por la legislaci\u00f3n aplicable en materia de protecci\u00f3n de datos personales.<\/span><\/span><\/p>\n<p align=\"justify\"><span style=\"font-family: Arial Narrow, serif;\"><span style=\"font-size: medium;\"><b>6. Cambios al aviso de privacidad<\/b><\/span><\/span><\/p>\n<p align=\"justify\"><span style=\"font-family: Arial Narrow, serif;\"><span style=\"font-size: medium;\"><b>SAL\u00d3N MONTE OLIMPO<\/b><\/span><\/span><span style=\"font-family: Arial Narrow, serif;\"><span style=\"font-size: medium;\"> podr\u00e1 modificar o actualizar el presente Aviso de Privacidad cuando resulte necesario por cambios legales, administrativos, operativos o de seguridad.<\/span><\/span><\/p>\n<p align=\"justify\"><span style=\"font-family: Arial Narrow, serif;\"><span style=\"font-size: medium;\">Cualquier modificaci\u00f3n al presente aviso ser\u00e1 comunicada mediante su publicaci\u00f3n en un lugar visible dentro del establecimiento y\/o a trav\u00e9s de los medios de contacto proporcionados por la persona titular, cuando resulte procedente.<\/span><\/span><\/p>\n<p align=\"justify\"><span style=\"font-family: Arial Narrow, serif;\"><span style=\"font-size: medium;\"><b>7. Consentimiento<\/b><\/span><\/span><\/p>\n<p align=\"justify\"><span style=\"font-family: Arial Narrow, serif;\"><span style=\"font-size: medium;\">Al proporcionar sus datos personales, firmar documentos, celebrar contratos, solicitar servicios, ingresar o permanecer dentro de las instalaciones, la persona titular queda informada del tratamiento de sus datos personales y de la existencia del sistema de videovigilancia y grabaci\u00f3n las 24 horas del d\u00eda.<\/span><\/span><\/p>\n<p align=\"justify\"><span style=\"font-family: Arial Narrow, serif;\"><span style=\"font-size: medium;\">En caso de no estar de acuerdo con el tratamiento de datos personales para las finalidades se\u00f1aladas o con la videovigilancia del establecimiento, podr\u00e1 abstenerse de proporcionar sus datos, contratar los servicios o ingresar al inmueble.<\/span><\/span><\/p>\n<p align=\"justify\"><br \/><br \/><\/p>\n<p align=\"center\"><span style=\"font-family: Arial Narrow, serif;\"><b>__________________________________________<\/b><\/span><\/p>\n<p align=\"center\"><span style=\"font-family: Arial Narrow, serif;\"><b>EL SAL\u00d3N DE EVENTOS<\/b><\/span><\/p>\n<p align=\"center\"><span style=\"font-family: Arial Narrow, serif;\"><b>Representante: Miguel \u00c1ngel Verd\u00edn Campos<\/b><\/span><\/p>\t\t\t\t\t\t\t\t<\/div>\n\t\t\t\t\t<\/div>\n\t\t\t\t<\/div>\n\t\t\t\t<\/div>\n\t\t","protected":false},"excerpt":{"rendered":"<p>AVISO DE PRIVACIDAD Con fundamento en los art\u00edculos 1, 6, 8, 12, 13, 15, 16 y 19 de la Ley<\/p>\n","protected":false},"author":1,"featured_media":0,"parent":0,"menu_order":0,"comment_status":"closed","ping_status":"closed","template":"elementor_header_footer","meta":{"footnotes":""},"class_list":["post-3","page","type-page","status-publish","hentry"],"_links":{"self":[{"href":"https:\/\/monteolimpo.mx\/wordpress_6\/wp-json\/wp\/v2\/pages\/3","targetHints":{"allow":["GET"]}}],"collection":[{"href":"https:\/\/monteolimpo.mx\/wordpress_6\/wp-json\/wp\/v2\/pages"}],"about":[{"href":"https:\/\/monteolimpo.mx\/wordpress_6\/wp-json\/wp\/v2\/types\/page"}],"author":[{"embeddable":true,"href":"https:\/\/monteolimpo.mx\/wordpress_6\/wp-json\/wp\/v2\/users\/1"}],"replies":[{"embeddable":true,"href":"https:\/\/monteolimpo.mx\/wordpress_6\/wp-json\/wp\/v2\/comments?post=3"}],"version-history":[{"count":13,"href":"https:\/\/monteolimpo.mx\/wordpress_6\/wp-json\/wp\/v2\/pages\/3\/revisions"}],"predecessor-version":[{"id":29572,"href":"https:\/\/monteolimpo.mx\/wordpress_6\/wp-json\/wp\/v2\/pages\/3\/revisions\/29572"}],"wp:attachment":[{"href":"https:\/\/monteolimpo.mx\/wordpress_6\/wp-json\/wp\/v2\/media?parent=3"}],"curies":[{"name":"wp","href":"https:\/\/api.w.org\/{rel}","templated":true}]}}